{"id":48455,"date":"2024-05-27T17:03:13","date_gmt":"2024-05-27T22:03:13","guid":{"rendered":"https:\/\/www.freestatesocialwork.com\/?page_id=48455"},"modified":"2024-05-27T17:03:13","modified_gmt":"2024-05-27T22:03:13","slug":"references-for-substance-use-disorder-treatment-and-family-therapy-part-1","status":"publish","type":"page","link":"https:\/\/www.freestatesocialwork.com\/?page_id=48455","title":{"rendered":"References for Substance Use Disorder Treatment and Family Therapy Part 1"},"content":{"rendered":"<div class=\"csl-bib-body\">\n<div class=\"csl-entry\">Becker, Kimberly D., and Bruce F. Chorpita. \u201cFuture Directions in Youth and Family Treatment Engagement: Finishing the Bridge Between Science and Service.\u201d <i>Journal of Clinical Child &amp; Adolescent Psychology<\/i> 52, no. 2 (March 4, 2023): 284\u2013309.<\/div>\n<div class=\"csl-entry\">Chou, Jessica L., Rikki Patton, Lydia Aletraris, Asif Zaarur, Christine Grella, Paul Roman, and Erika Feeney. \u201cExamining Utilization of Family-Based Treatment in Substance Use Treatment Centers.\u201d <i>Contemporary Family Therapy<\/i>, April 9, 2024.<\/div>\n<div class=\"csl-entry\">Esteban, Jessica, Cristian Su\u00e1rez\u2010Relinque, and Teresa I. Jim\u00e9nez. \u201cEffects of Family Therapy for Substance Abuse: A Systematic Review of Recent Research.\u201d <i>Family Process<\/i> 62, no. 1 (2023): 49\u201373.<\/div>\n<div class=\"csl-entry\">Friedrich, Florentine S., Emily Pasman, Lena Boraginna-Ballard, Sydney O\u2019Shay, Kathryn A. Szechy, Jennifer D. Ellis, Stella M. Resko, and Suzanne Brown. \u201c\u2018Do Not Carry the Load by Yourself\u2019: Advice for Families Affected by Non-Medical Opioid Use.\u201d <i>Families in Society: The Journal of Contemporary Social Services<\/i> 104, no. 3 (2023): 262\u201377.<\/div>\n<div class=\"csl-entry\">Heiden-Rootes, Katie, Dixie Meyer, Michael Mancini, Megan Ferber, Jacob Eikenberry, Wenjin Wang, Fred Rottnek, Emily Jung, and Sania Karrir. \u201cHelping Families Heal in Substance Use Treatment: A Qualitative Study about the Role of Peer Support Specialists with Client Families.\u201d <i>Journal of Substance Use and Addiction Treatment<\/i> 148 (2023): 209024.<\/div>\n<div class=\"csl-entry\">Liddle, Howard A., Gayle Dakof, Cynthia Rowe, Adhar Bashatu Mohamed, Craig Henderson, Trenten Foulkrod, Megan Lucas, and Michael DiFrancesco. \u201cMultidimensional Family Therapy for Justice-Involved Young Adults with Substance Use Disorders.\u201d <i>The Journal of Behavioral Health Services &amp; Research<\/i> 51, no. 2 (2024): 250\u201363.<\/div>\n<div class=\"csl-entry\">Littell, Julia H., Therese D. Pigott, Karianne H. Nilsen, Jennifer Roberts, and Travis K. Labrum. \u201cFunctional Family Therapy for Families of Youth (Age 11\u201318) with Behaviour Problems: A Systematic Review and Meta\u2010analysis.\u201d <i>Campbell Systematic Reviews<\/i> 19, no. 3 (2023): e1324.<\/div>\n<div class=\"csl-entry\">Samar, Belemir \u015eule, Koray Akku\u015f, and Baht\u0131m K\u00fct\u00fck. \u201cEffectiveness of Cognitive\u2013Behavioral Family Therapy: A Systematic Review of Randomized Controlled Trials.\u201d <i>Psikiyatride G\u00fcncel Yakla\u015f\u0131mlar<\/i> 15, no. 1 (March 31, 2023): 175\u201388.<\/div>\n<\/div>\n","protected":false},"excerpt":{"rendered":"<p>Becker, Kimberly D., and Bruce F. Chorpita. \u201cFuture Directions in Youth and Family Treatment Engagement: Finishing the Bridge Between Science and Service.\u201d Journal of Clinical Child &amp; Adolescent Psychology 52, no. 2 (March 4, 2023): 284\u2013309. Chou, Jessica L., Rikki Patton, Lydia Aletraris, Asif Zaarur, Christine Grella, Paul Roman, and Erika Feeney. \u201cExamining Utilization of [&hellip;]<\/p>\n","protected":false},"author":1,"featured_media":0,"parent":133,"menu_order":0,"comment_status":"closed","ping_status":"closed","template":"","meta":{"footnotes":""},"class_list":["post-48455","page","type-page","status-publish","hentry"],"_links":{"self":[{"href":"https:\/\/www.freestatesocialwork.com\/index.php?rest_route=\/wp\/v2\/pages\/48455","targetHints":{"allow":["GET"]}}],"collection":[{"href":"https:\/\/www.freestatesocialwork.com\/index.php?rest_route=\/wp\/v2\/pages"}],"about":[{"href":"https:\/\/www.freestatesocialwork.com\/index.php?rest_route=\/wp\/v2\/types\/page"}],"author":[{"embeddable":true,"href":"https:\/\/www.freestatesocialwork.com\/index.php?rest_route=\/wp\/v2\/users\/1"}],"replies":[{"embeddable":true,"href":"https:\/\/www.freestatesocialwork.com\/index.php?rest_route=%2Fwp%2Fv2%2Fcomments&post=48455"}],"version-history":[{"count":0,"href":"https:\/\/www.freestatesocialwork.com\/index.php?rest_route=\/wp\/v2\/pages\/48455\/revisions"}],"up":[{"embeddable":true,"href":"https:\/\/www.freestatesocialwork.com\/index.php?rest_route=\/wp\/v2\/pages\/133"}],"wp:attachment":[{"href":"https:\/\/www.freestatesocialwork.com\/index.php?rest_route=%2Fwp%2Fv2%2Fmedia&parent=48455"}],"curies":[{"name":"wp","href":"https:\/\/api.w.org\/{rel}","templated":true}]}}