{"id":26526,"date":"2022-06-23T15:23:41","date_gmt":"2022-06-23T20:23:41","guid":{"rendered":"https:\/\/www.freestatesocialwork.com\/?page_id=26526"},"modified":"2024-05-15T14:55:57","modified_gmt":"2024-05-15T19:55:57","slug":"suggestions-for-further-reading-the-dementias-hope-through-research","status":"publish","type":"page","link":"https:\/\/www.freestatesocialwork.com\/?page_id=26526","title":{"rendered":"References for The Dementias: Hope Through Research"},"content":{"rendered":"<div class=\"csl-bib-body\">\n<div class=\"csl-entry\">Ambegaonkar, A., Ritchie, C., &#038; de la Fuente Garcia, S. (2021). The Use of Mobile Applications as Communication Aids for People with Dementia: Opportunities and Limitations. <i>Journal of Alzheimer\u2019s Disease Reports<\/i>, <i>5<\/i>(1), 681\u2013692.<\/div>\n<div class=\"csl-entry\">Astell, A. J., Bouranis, N., Hoey, J., Lindauer, A., Mihailidis, A., Nugent, C., Robillard, J. M., &#038; Technology and Dementia Professional Interest Area &#8230; (2019). Technology and Dementia: The Future is Now. <i>Dementia and Geriatric Cognitive Disorders<\/i>, <i>47<\/i>(3), 131\u2013139.<\/div>\n<div class=\"csl-entry\">Basting, A. (2018). Building creative communities of care: Arts, dementia, and hope in the United States. <i>Dementia<\/i>, <i>17<\/i>(6), 744\u2013754.<\/div>\n<div class=\"csl-entry\">Chen, Y., Liu, Q., Liu, J., Wei, P., Li, B., Wang, N., Liu, Z., &#038; Wang, Z. (2022). Revealing the Modular Similarities and Differences Among Alzheimer\u2019s Disease, Vascular Dementia, and Parkinson\u2019s Disease in Genomic Networks. <i>NeuroMolecular Medicine<\/i>, <i>24<\/i>(2), 125\u2013138.<\/div>\n<div class=\"csl-entry\">Elahi, F. M., &#038; Miller, B. L. (2017). A clinicopathological approach to the diagnosis of dementia. <i>Nature Reviews Neurology<\/i>, <i>13<\/i>(8), 457\u2013476.<\/div>\n<div class=\"csl-entry\">Garc\u00eda-Morales, V., Gonz\u00e1lez-Acedo, A., Melguizo-Rodr\u00edguez, L., Pardo-Moreno, T., Costela-Ruiz, V. J., Montiel-Troya, M., &#038; Ramos-Rodr\u00edguez, J. J. (2021). Current Understanding of the Physiopathology, Diagnosis and Therapeutic Approach to Alzheimer\u2019s Disease. <i>Biomedicines<\/i>, <i>9<\/i>(12), 1910.<\/div>\n<div class=\"csl-entry\">Greaves, C. V., &#038; Rohrer, J. D. (2019). An update on genetic frontotemporal dementia. <i>Journal of Neurology<\/i>, <i>266<\/i>(8), 2075\u20132086.<\/div>\n<div class=\"csl-entry\">Montero-Odasso, M., Ismail, Z., &#038; Livingston, G. (2020). One third of dementia cases can be prevented within the next 25 years by tackling risk factors. The case \u201cfor\u201d and \u201cagainst.\u201d <i>Alzheimer\u2019s Research &#038; Therapy<\/i>, <i>12<\/i>(1), 81.<\/div>\n<div class=\"csl-entry\">Pardo-Moreno, T., Gonz\u00e1lez-Acedo, A., Rivas-Dom\u00ednguez, A., Garc\u00eda-Morales, V., Garc\u00eda-Cozar, F. J., Ramos-Rodr\u00edguez, J. J., &#038; Melguizo-Rodr\u00edguez, L. (2022). Therapeutic Approach to Alzheimer\u2019s Disease: Current Treatments and New Perspectives. <i>Pharmaceutics<\/i>, <i>14<\/i>(6), 1117.<\/div>\n<div class=\"csl-entry\">Peters, R., Booth, A., Rockwood, K., Peters, J., D\u2019Este, C., &#038; Anstey, K. J. (2019). Combining modifiable risk factors and risk of dementia: A systematic review and meta-analysis. <i>BMJ Open<\/i>, <i>9<\/i>(1), e022846.<\/div>\n<div class=\"csl-entry\">Ribari\u010d, S. (2022). Physical Exercise, a Potential Non-Pharmacological Intervention for Attenuating Neuroinflammation and Cognitive Decline in Alzheimer\u2019s Disease Patients. <i>International Journal of Molecular Sciences<\/i>, <i>23<\/i>(6), 3245.<\/div>\n<div class=\"csl-entry\">Starchina, Yu. A., &#038; Zakharov, V. V. (2021). Severity and treatment of cognitive impairment. <i>Neurology, Neuropsychiatry, Psychosomatics<\/i>, <i>13<\/i>(3), 119\u2013124.<\/div>\n<div class=\"csl-entry\">Testad, I., Kajander, M., Gjestsen, M. T., &#038; Dalen, I. (2020). Health promotion intervention for people with early\u2010stage dementia: A quasi\u2010experimental study. <i>Brain and Behavior<\/i>, <i>10<\/i>(12).<\/div>\n<div class=\"csl-entry\">Tisher, A., &#038; Salardini, A. (2019). A Comprehensive Update on Treatment of Dementia. <i>Seminars in Neurology<\/i>, <i>39<\/i>(02), 167\u2013178.<\/div>\n<div class=\"csl-entry\">Vale, F. A. C., Tayra, J. T., &#038; Tellaroli Spedo, C. (2022). Principles of Pharmacology in Dementia. In G. A. A. dos Santos (Ed.), <i>Pharmacological Treatment of Alzheimer\u2019s Disease<\/i> (pp. 15\u201329). Springer International Publishing.<\/div>\n<div class=\"csl-entry\">Wolff, J. L., Benge, J. F., Cassel, C. K., Monin, J. K., &#038; Reuben, D. B. (2021). Emerging topics in dementia care and services. <i>Journal of the American Geriatrics Society<\/i>, <i>69<\/i>(7), 1763\u20131773.<\/div>\n<div class=\"csl-entry\">Yu, D., Li, X., &#038; Lai, F. H. (2022). The effect of virtual reality on executive function in older adults with mild cognitive impairment: A systematic review and meta-analysis. <i>Aging &#038; Mental Health<\/i>, 1\u201311.<\/div>\n<div class=\"csl-entry\">Zhang, Y.-R., Wang, J.-J., Chen, S.-F., Wang, H.-F., Li, Y.-Z., Ou, Y.-N., Huang, S.-Y., Chen, S.-D., Cheng, W., Feng, J.-F., Dong, Q., &#038; Yu, J.-T. (2022). Peripheral immunity is associated with the risk of incident dementia. <i>Molecular Psychiatry<\/i>, <i>27<\/i>(4), 1956\u20131962.<\/div>\n<div class=\"csl-entry\">Zucchella, C., Sinforiani, E., Tamburin, S., Federico, A., Mantovani, E., Bernini, S., Casale, R., &#038; Bartolo, M. (2018). The Multidisciplinary Approach to Alzheimer\u2019s Disease and Dementia. A Narrative Review of Non-Pharmacological Treatment. <i>Frontiers in Neurology<\/i>, <i>9<\/i>, 1058.<\/div>\n<\/div>\n","protected":false},"excerpt":{"rendered":"<p>Ambegaonkar, A., Ritchie, C., &#038; de la Fuente Garcia, S. (2021). The Use of Mobile Applications as Communication Aids for People with Dementia: Opportunities and Limitations. Journal of Alzheimer\u2019s Disease Reports, 5(1), 681\u2013692. Astell, A. J., Bouranis, N., Hoey, J., Lindauer, A., Mihailidis, A., Nugent, C., Robillard, J. M., &#038; Technology and Dementia Professional Interest [&hellip;]<\/p>\n","protected":false},"author":1,"featured_media":0,"parent":133,"menu_order":0,"comment_status":"closed","ping_status":"closed","template":"","meta":{"footnotes":""},"class_list":["post-26526","page","type-page","status-publish","hentry"],"_links":{"self":[{"href":"https:\/\/www.freestatesocialwork.com\/index.php?rest_route=\/wp\/v2\/pages\/26526","targetHints":{"allow":["GET"]}}],"collection":[{"href":"https:\/\/www.freestatesocialwork.com\/index.php?rest_route=\/wp\/v2\/pages"}],"about":[{"href":"https:\/\/www.freestatesocialwork.com\/index.php?rest_route=\/wp\/v2\/types\/page"}],"author":[{"embeddable":true,"href":"https:\/\/www.freestatesocialwork.com\/index.php?rest_route=\/wp\/v2\/users\/1"}],"replies":[{"embeddable":true,"href":"https:\/\/www.freestatesocialwork.com\/index.php?rest_route=%2Fwp%2Fv2%2Fcomments&post=26526"}],"version-history":[{"count":0,"href":"https:\/\/www.freestatesocialwork.com\/index.php?rest_route=\/wp\/v2\/pages\/26526\/revisions"}],"up":[{"embeddable":true,"href":"https:\/\/www.freestatesocialwork.com\/index.php?rest_route=\/wp\/v2\/pages\/133"}],"wp:attachment":[{"href":"https:\/\/www.freestatesocialwork.com\/index.php?rest_route=%2Fwp%2Fv2%2Fmedia&parent=26526"}],"curies":[{"name":"wp","href":"https:\/\/api.w.org\/{rel}","templated":true}]}}